01101000100100
What is 10021 (base 3) in base 7?
154
Convert 100210 (base 4) to base 14.
55a
What is -420 (base 6) in base 9?
-183
What is 54533 (base 6) in base 2?
1110101111001
Convert 43413 (base 5) to base 13.
1486
Convert 4071 (base 8) to base 12.
1275
-13223 (base 4) to base 13
-2ba
Convert -22340 (base 6) to base 8.
-6124
Convert 54736 (base 8) to base 7.
124034
-4575 (base 13) to base 14
-378d
What is -1034 (base 8) in base 6?
-2300
221 (base 10) to base 11
191
Convert -205 (base 15) to base 3.
-121212
1021 (base 9) to base 8
1354
Convert -3330302 (base 4) to base 13.
-7496
129 (base 12) to base 5
1202
Convert -2012 (base 5) to base 4.
-10001
14d (base 14) to base 13
175
What is 255506 (base 7) in base 5?
3010320
Convert -655 (base 10) to base 16.
-28f
What is 9099 (base 16) in base 7?
212631
Convert 3983 (base 16) to base 6.
152055
9c1 (base 14) to base 12
1151
-1b78 (base 14) to base 6
-35102
Convert 2057 (base 9) to base 4.
113212
Convert 2ee6 (base 15) to base 13.
47b2
10221103 (base 4) to base 3
222002201
1404 (base 7) to base 11
454
2074 (base 11) to base 12
1707
Convert 5ff9 (base 16) to base 7.
131426
Convert -878 (base 11) to base 4.
-100131
What is -11111001010 (base 2) in base 11?
-1553
What is -2060 (base 8) in base 13?
-646
What is -3032 (base 4) in base 2?
-11001110
Convert -423101 (base 6) to base 8.
-103115
What is 234530 (base 6) in base 4?
11000112
-112 (base 9) to base 2
-1011100
Convert -781 (base 15) to base 14.
-892
What is 1610 (base 15) in base 7?
16551
What is -4a32 (base 12) in base 7?
-33314
Convert -21131023 (base 4) to base 3.
-1222010111
343 (base 6) to base 14
99
Convert 915 (base 12) to base 11.
a94
Convert -264 (base 13) to base 7.
-1140
Convert -69617 (base 10) to base 2.
-10000111111110001
Convert -39b5 (base 12) to base 4.
-1213121
Convert 3441123 (base 5) to base 8.
171126
7aa (base 12) to base 16
472
What is 1cb (base 15) in base 3?
120102
11a (base 15) to base 5
2000
What is 6b2 (base 12) in base 11?
828
What is 20 (base 4) in base 3?
22
Convert 10141 (base 5) to base 8.
1237
Convert 2234211 (base 5) to base 6.
504511
What is 1011122022 (base 3) in base 16?
5a1a
What is -301000 (base 4) in base 3?
-11022011
-12555 (base 6) to base 3
-2122222
Convert -13300 (base 4) to base 5.
-3441
What is -10660 (base 9) in base 7?
-26463
-111444 (base 7) to base 11
-13951
1500 (base 6) to base 5
3041
What is 1010010110011 (base 2) in base 7?
21310
Convert -32210103 (base 4) to base 8.
-164423
31123 (base 5) to base 2
11111110110
What is -3822 (base 14) in base 13?
-4622
-13331 (base 4) to base 11
-423
-80911 (base 10) to base 2
-10011110000001111
What is 1c4 (base 13) in base 14?
197
Convert 70 (base 11) to base 9.
85
What is 11142 (base 5) in base 11?
665
What is 34222 (base 10) in base 2?
1000010110101110
Convert 1664e (base 15) to base 5.
4303144
Convert 84207 (base 9) to base 4.
31210111
-221c (base 14) to base 2
-1011100010010
-1a71 (base 14) to base 12
-2943
What is -16b8 (base 12) in base 6?
-20352
What is b11a (base 12) in base 3?
222022011
What is 30244 (base 5) in base 3?
2200012
What is -1102 (base 9) in base 16?
-32c
-200643 (base 7) to base 9
-51500
Convert 54110 (base 7) to base 10.
13433
22101 (base 3) to base 13
145
What is 7439 (base 13) in base 9?
24072
What is 322001 (base 4) in base 14?
14d3
What is 3498 (base 12) in base 16?
16f4
1644 (base 10) to base 14
856
What is 151 (base 7) in base 13?
67
What is -1275 (base 8) in base 10?
-701
What is 1141 (base 8) in base 12?
429
Convert -1205 (base 9) to base 5.
-12041
7d50 (base 16) to base 6
404304
Convert 152 (base 12) to base 2.
11001110
Convert 1130 (base 7) to base 14.
217
Convert 1310513 (base 6) to base 3.
10122001000
Convert 75015 (base 9) to base 5.
3041321
Convert -17242 (base 9) to base 3.
-121021102
What is -17 (base 13) in base 7?
-26
What is 3043 (base 5) in base 2?
110001110
-441451 (base 6) to base 5
-2133204
What is 3111030 (base 4) in base 5?
414034
Convert -100111100 (base 3) to base 2.
-1101100001001
What is 5b (base 16) in base 2?
1011011
Convert -15666 (base 8) to base 4.
-1232312
What is 1000100001100 (base 2) in base 7?
15503
-90 (base 12) to base 4
-1230
Convert 10111111001101 (base 2) to base 6.
132353
11020100 (base 3) to base 15
dac
-1002020 (base 3) to base 10
-789
What is -21404 (base 5) in base 15?
-689
What is b5 (base 12) in base 13?
a7
What is -238 (base 12) in base 8?
-514
Convert 232035 (base 7) to base 4.
22020321
What is -55211 (base 7) in base 13?
-63a7
What is -113 (base 9) in base 4?
-1131
Convert -7c (base 13) to base 8.
-147
Convert 1000111011000110 (base 2) to base 16.
8ec6
16a7 (base 15) to base 11
3739
What is -331132 (base 4) in base 3?
-12101201
Convert 1859 (base 11) to base 5.
33423
1553 (base 6) to base 5
3204
What is 1001100011111101 (base 2) in base 3?
1222201120
Convert 3673 (base 9) to base 10.
2739
-10010011010 (base 2) to base 15
-538
What is -1090 (base 16) in base 6?
-31344
What is -592 (base 13) in base 8?
-1704
What is -7645 (base 15) in base 14?
-91a8
10022212 (base 3) to base 13
1148
What is -637b (base 13) in base 5?
-420131
What is -14510 (base 6) in base 16?
-92a
e31 (base 16) to base 15
1123
Convert -463 (base 15) to base 2.
-1111100001
What is a21e (base 15) in base 14?
c68d
1734 (base 9) to base 8
2457
21123 (base 4) to base 14
311
What is 1b86 (base 14) in base 10?
5018
Convert 31011 (base 4) to base 16.
345
Convert 595a (base 13) to base 2.
11000100100101
1631 (base 10) to base 4
121133
What is -18b3 (base 14) in base 12?
-2705
Convert -7277 (base 8) to base 11.
-2922
2411 (base 6) to base 12
407
466 (base 8) to base 4
10312
Convert 12322 (base 5) to base 7.
2543
What is 23231 (base 4) in base 13?
458
What is -35874 (base 9) in base 2?
-101110111101011
-112111212 (base 3) to base 8
-24524
What is 1c3 (base 16) in base 4?
13003
What is 1402 (base 5) in base 4?
3203
What is -3021 (base 14) in base 5?
-231021
What is 100010011000 (base 2) in base 3?
10000111
What is -11a8 (base 11) in base 8?
-3042
What is -23420 (base 5) in base 9?
-2337
32422 (base 6) to base 13
2066
Convert 420 (base 5) to base 6.
302
-3151 (base 8) to base 11
-1262
-324 (base 11) to base 5
-3024
Convert c042 (base 13) to base 14.
98b0
What is -5406 (base 10) in base 5?
-133111
Convert -6b1a (base 12) to base 11.
-8aa6
-c14 (base 16) to base 10
-3092
What is -4032 (base 7) in base 13?
-834
10220100000 (base 3) to base 7
436605
Convert -46036 (base 8) to base 6.
-230114
What is -205 (base 8) in base 16?
-85
Convert -26093 (base 10) to base 4.
-12113231
What is 13c6 (base 13) in base 2?
101100110010
Convert -34bc (base 14) to base 2.
-10001111011110
Convert 1020211120 (base 3) to base 6.
310110
653 (base 10) to base 15
2d8
What is -10510 (base 6) in base 3?
-2000220
Convert 298 (base 13) to base 10.
463
What is -3124314 (base 5) in base 15?
-10559
Convert -4041 (base 14) to base 7.
-44111
What is 3f5 (base 16) in base 15?
478
Convert -2010121 (base 3) to base 11.
-1194
What is -12441 (base 8) in base 13?
-2601
-182 (base 9) to base 8
-233
1100011000100 (base 2) to base 12
3804
Convert 293 (base 14) to base 5.
4041
54 (base 10) to base 3
2000
Convert 1310 (base 4) to base 6.
312
Convert -546 (base 10) to base 3.
-202020
What is -6620 (base 7) in base 3?
-10020122
What is 171c (base 15) in base 9?
6740
1026 (base 12) to base 14
8d8
What is -1118 (base 13) in base 8?
-4523
Convert -10057 (base 13) to base 8.
-67731
2027 (base 9) to base 13
8a1
What is 1256b (base 12) in base 8?
60643
Convert -869 (base 11) to base 6.
-4455
Convert 25ba (base 12) to base 16.
10de
70102 (base 8) to base 15
87ad
What is 125531 (base 6) in base 11?
8829
-133555 (base 7) to base 10
-25324
667 (base 16) to base 2
11001100111
-43013 (base 7) to base 12
-61ab
-324 (base 13) to base 11
-449
-5121 (base 11) to base 15
-2034
What is -43a1 (base 11) in base 2?
-1011010100110
What is 115031 (base 6) in base 15?
3031
Convert -4139 (base 12) to base 11.
-5376
What is 68cf (base 16) in base 5?
1324311
-4023 (base 5) to base 7
-1332
281 (base 14) to base 2
111111001
Convert -4484 (base 11) to base 14.
-2216
1707 (base 9) to base 4
110113
Convert -16ce (base 15) to base 6.
-34435
What is -45002 (base 8) in base 16?
-4a02
-1113 (base 6) to base 5
